{"id":55,"date":"2026-04-23T14:11:30","date_gmt":"2026-04-23T17:11:30","guid":{"rendered":"https:\/\/iconografiageek.com.br\/?page_id=55"},"modified":"2026-04-23T14:11:31","modified_gmt":"2026-04-23T17:11:31","slug":"contato","status":"publish","type":"page","link":"https:\/\/iconografiageek.com.br\/?page_id=55","title":{"rendered":"Contato"},"content":{"rendered":"\n<p class=\"has-text-align-center\">Ol\u00e1, voc\u00ea \u00e9 sempre bem vindo na Iconografia Geek.<\/p>\n\n\n\n<p class=\"has-text-align-center\">Voc\u00ea cosengue realizar contato com nosso time, atrav\u00e9s do formul\u00e1rio abaixo:<\/p>\n\n\n\n<iframe loading=\"lazy\" src=\"https:\/\/docs.google.com\/forms\/d\/e\/1FAIpQLScdHn8qOmdxexiFB93c0adKLAXccDntqdWne3v2okPfWs9wwA\/viewform?embedded=true\" width=\"640\" height=\"981\" frameborder=\"0\" marginheight=\"0\" marginwidth=\"0\">Carregando\u2026<\/iframe>\n","protected":false},"excerpt":{"rendered":"<p>Ol\u00e1, voc\u00ea \u00e9 sempre bem vindo na Iconografia Geek. Voc\u00ea cosengue realizar contato com nosso time, atrav\u00e9s do formul\u00e1rio abaixo: Carregando\u2026<\/p>\n","protected":false},"author":1,"featured_media":0,"parent":0,"menu_order":0,"comment_status":"closed","ping_status":"closed","template":"","meta":{"om_disable_all_campaigns":false,"_monsterinsights_skip_tracking":false,"_monsterinsights_sitenote_active":false,"_monsterinsights_sitenote_note":"","_monsterinsights_sitenote_category":0,"footnotes":""},"class_list":["post-55","page","type-page","status-publish","hentry"],"_links":{"self":[{"href":"https:\/\/iconografiageek.com.br\/index.php?rest_route=\/wp\/v2\/pages\/55","targetHints":{"allow":["GET"]}}],"collection":[{"href":"https:\/\/iconografiageek.com.br\/index.php?rest_route=\/wp\/v2\/pages"}],"about":[{"href":"https:\/\/iconografiageek.com.br\/index.php?rest_route=\/wp\/v2\/types\/page"}],"author":[{"embeddable":true,"href":"https:\/\/iconografiageek.com.br\/index.php?rest_route=\/wp\/v2\/users\/1"}],"replies":[{"embeddable":true,"href":"https:\/\/iconografiageek.com.br\/index.php?rest_route=%2Fwp%2Fv2%2Fcomments&post=55"}],"version-history":[{"count":1,"href":"https:\/\/iconografiageek.com.br\/index.php?rest_route=\/wp\/v2\/pages\/55\/revisions"}],"predecessor-version":[{"id":56,"href":"https:\/\/iconografiageek.com.br\/index.php?rest_route=\/wp\/v2\/pages\/55\/revisions\/56"}],"wp:attachment":[{"href":"https:\/\/iconografiageek.com.br\/index.php?rest_route=%2Fwp%2Fv2%2Fmedia&parent=55"}],"curies":[{"name":"wp","href":"https:\/\/api.w.org\/{rel}","templated":true}]}}